{"id":581,"date":"2025-01-11T19:44:09","date_gmt":"2025-01-11T19:44:09","guid":{"rendered":"https:\/\/kolbaszfesztival.info\/fonyod\/?page_id=581"},"modified":"2026-01-26T16:58:44","modified_gmt":"2026-01-26T16:58:44","slug":"program-2026","status":"publish","type":"page","link":"http:\/\/kolbaszfesztival.info\/fonyod\/program-2026\/","title":{"rendered":"Program 2026"},"content":{"rendered":"\n<pre class=\"wp-block-preformatted\"><\/pre>\n\n\n<h2 class=\"wp-block-heading has-text-align-center\"><strong>Nagysz\u00ednpad ( sportcsarnok )<\/strong><\/h2>\n<pre class=\"wp-block-preformatted\">\u00a0<\/pre>\n<div class=\"wp-block-media-text is-stacked-on-mobile\">\n<figure class=\"wp-block-media-text__media\"><\/figure>\n<div class=\"wp-block-media-text__content\">\u00a0<\/div>\n<\/div>\n<p class=\"has-text-align-center\"><strong>P\u00e9ntek<\/strong><\/p>\n<p style=\"text-align: center;\"><span style=\"font-weight: 400;\">16:00 Demj\u00e9n Tribute \u2013 P\u00e1l Zoli<\/span><\/p>\n<p style=\"text-align: center;\"><span style=\"font-weight: 400;\">17:30 Republic \u00e9l\u0151 nagykoncert<\/span><\/p>\n<p style=\"text-align: center;\"><span style=\"font-weight: 400;\">19:30 J\u00f3t\u00e9konys\u00e1gi kolb\u00e1szt\u00f6lt\u00e9s<\/span><\/p>\n<p style=\"text-align: center;\"><span style=\"font-weight: 400;\">20:45 Warm up: Dj. Forkman<\/span><\/p>\n<p style=\"text-align: center;\"><span style=\"font-weight: 400;\">21:00 3+2 \u00e9l\u0151 koncert<\/span><\/p>\n<p style=\"text-align: center;\"><span style=\"font-weight: 400;\">22:45 Dj.N\u00e1ksi<\/span><\/p>\n<p class=\"has-text-align-center\"><strong>Szombat<\/strong><\/p>\n<p style=\"text-align: center;\"><span style=\"font-weight: 400;\">10:00 Fony\u00f3di Bety\u00e1rok N\u00e9pt\u00e1nc Egyes\u00fclet<\/span><\/p>\n<p style=\"text-align: center;\"><span style=\"font-weight: 400;\">11:00 The FreakEnd\u00a0<\/span><\/p>\n<p style=\"text-align: center;\"><span style=\"font-weight: 400;\">13:30 ABBA SHOW<\/span><\/p>\n<p style=\"text-align: center;\"><span style=\"font-weight: 400;\">14:30 Cs\u00f3ka Szabi Band\u00e1ja<\/span><\/p>\n<p style=\"text-align: center;\"><span style=\"font-weight: 400;\">15:45 V\u00e9gv\u00e1ri \u00c1d\u00e1m<\/span><\/p>\n<p style=\"text-align: center;\"><span style=\"font-weight: 400;\">16:30 Dj.Dominique Fergeteg Party<\/span><\/p>\n<p style=\"text-align: center;\"><span style=\"font-weight: 400;\">18:00 Eredm\u00e9nyhirdet\u00e9s<\/span><\/p>\n<p style=\"text-align: center;\"><span style=\"font-weight: 400;\">19:00 Kolb\u00e1szok \u00e9jszak\u00e1ja (18+)<\/span><\/p>\n<p style=\"text-align: center;\"><span style=\"font-weight: 400;\">\u00a0\u00a0\u00a0\u00a0\u00a0\u00a0\u00a0\u00a0\u00a0\u00a0Kerozin<\/span><\/p>\n<p style=\"text-align: center;\"><span style=\"font-weight: 400;\">\u00a0\u00a0\u00a0\u00a0\u00a0\u00a0\u00a0\u00a0\u00a0\u00a0Cooky<\/span><\/p>\n<p style=\"text-align: center;\"><span style=\"font-weight: 400;\">\u00a0\u00a0\u00a0\u00a0\u00a0\u00a0\u00a0\u00a0\u00a0\u00a0Groovehouse<\/span><\/p>\n<p style=\"text-align: center;\"><span style=\"font-weight: 400;\">\u00a0\u00a0\u00a0\u00a0\u00a0\u00a0\u00a0\u00a0\u00a0\u00a0PeatJr feat. Sheela<\/span><\/p>\n<p style=\"text-align: center;\"><span style=\"font-weight: 400;\">\u00a0\u00a0\u00a0\u00a0\u00a0\u00a0\u00a0\u00a0\u00a0\u00a0Dj.TIB<\/span><\/p>\n<p class=\"has-text-align-center\" style=\"text-align: center;\"><strong>Vas\u00e1rnap<\/strong><\/p>\n<p style=\"text-align: center;\"><span style=\"font-weight: 400;\">11:00 Balatoni \u00e9s Somogy v\u00e1rmegyei telep\u00fcl\u00e9sek Kolb\u00e1szt\u00f6lt\u0151 versenye, megnyit\u00f3<\/span><\/p>\n<p style=\"text-align: center;\"><span style=\"font-weight: 400;\">11:30 Peter Sramek<\/span><\/p>\n<p style=\"text-align: center;\"><span style=\"font-weight: 400;\">12:15-t\u0151l bemutatkoznak a r\u00e9sztvev\u0151 telep\u00fcl\u00e9sek programjaikkal<\/span><\/p>\n<p style=\"text-align: center;\"><span style=\"font-weight: 400;\">14:00 Irigy H\u00f3naljmirigy<\/span><\/p>\n<p style=\"text-align: center;\"><span style=\"font-weight: 400;\">15:00 Kov\u00e1cs Kati \u00e9letm\u0171koncert<\/span><\/p>\n<p style=\"text-align: center;\"><span style=\"font-weight: 400;\">16:30 Eredm\u00e9nyhirdet\u00e9s<\/span><\/p>\n<h2 class=\"wp-block-heading has-text-align-center\">Party S\u00e1tor<\/h2>\n<p class=\"has-text-align-center\"><strong>P\u00e9ntek<\/strong><\/p>\n<p style=\"text-align: center;\"><span style=\"font-weight: 400;\">15:30 Forte Brass Band<\/span><\/p>\n<p style=\"text-align: center;\"><span style=\"font-weight: 400;\">17:00 Dj.Forkmann<\/span> <span style=\"font-weight: 400;\">\u00a0<\/span><\/p>\n<p style=\"text-align: center;\"><span style=\"font-weight: 400;\">18:00 Dj.Szatm\u00e1ri feat Szakos Andi<\/span><\/p>\n<p style=\"text-align: center;\"><span style=\"font-weight: 400;\">19:30 B\u00f3di Csabi<\/span><\/p>\n<p style=\"text-align: center;\"><span style=\"font-weight: 400;\">20:30 Sausage party dj.TIB<\/span><\/p>\n<p class=\"has-text-align-center\"><strong>Szombat<\/strong><\/p>\n<p style=\"text-align: center;\"><span style=\"font-weight: 400;\">10:00 Mark\u00f3 Kriszti\u00e1n<\/span><\/p>\n<p style=\"text-align: center;\"><span style=\"font-weight: 400;\">11:00 Bod\u00f3 P\u00e9ter<\/span><\/p>\n<p style=\"text-align: center;\"><span style=\"font-weight: 400;\">12:45 Madaras Zsolt\u00a0<\/span><\/p>\n<p style=\"text-align: center;\"><span style=\"font-weight: 400;\">14:00 Kale Lulugyi<\/span><\/p>\n<p style=\"text-align: center;\"><span style=\"font-weight: 400;\">16:00 Rud\u00e1n Joe akusztik<\/span><\/p>\n<p style=\"text-align: center;\"><span style=\"font-weight: 400;\">18:30 Forte Brass Band<\/span><\/p>\n<p style=\"text-align: center;\"><span style=\"font-weight: 400;\">20:00 Sausage party<\/span><\/p>\n<p class=\"has-text-align-center\"><strong>Vas\u00e1rnap<\/strong><\/p>\n<p style=\"text-align: center;\"><span style=\"font-weight: 400;\">11:00 Mark\u00f3 Kriszti\u00e1n<\/span><\/p>\n<p style=\"text-align: center;\"><span style=\"font-weight: 400;\">12:00 Tschepen Tam\u00e1s\u00a0<\/span><\/p>\n<p style=\"text-align: center;\"><span style=\"font-weight: 400;\">13:00 Kalap\u00e1cs J\u00f3zsef akusztikus\u00a0<\/span><\/p>\n<p style=\"text-align: center;\"><span style=\"font-weight: 400;\">14:00 Forte Brass Band<\/span><\/p>\n<p><img data-recalc-dims=\"1\" fetchpriority=\"high\" decoding=\"async\" class=\"aligncenter size-full wp-image-598\" src=\"https:\/\/i0.wp.com\/kolbaszfesztival.info\/fonyod\/wp-content\/uploads\/2026\/01\/FIGYELEM-1.png?resize=740%2C620\" alt=\"\" width=\"740\" height=\"620\" srcset=\"https:\/\/i0.wp.com\/kolbaszfesztival.info\/fonyod\/wp-content\/uploads\/2026\/01\/FIGYELEM-1.png?w=940 940w, https:\/\/i0.wp.com\/kolbaszfesztival.info\/fonyod\/wp-content\/uploads\/2026\/01\/FIGYELEM-1.png?resize=300%2C251 300w, https:\/\/i0.wp.com\/kolbaszfesztival.info\/fonyod\/wp-content\/uploads\/2026\/01\/FIGYELEM-1.png?resize=768%2C644 768w\" sizes=\"(max-width: 740px) 100vw, 740px\" \/><\/p>\n\n\n<p><\/p>\n","protected":false},"excerpt":{"rendered":"<p>Nagysz\u00ednpad ( sportcsarnok ) \u00a0 \u00a0 P\u00e9ntek 16:00 Demj\u00e9n Tribute \u2013 P\u00e1l Zoli 17:30 Republic \u00e9l\u0151 nagykoncert 19:30 J\u00f3t\u00e9konys\u00e1gi kolb\u00e1szt\u00f6lt\u00e9s 20:45 Warm up: Dj. Forkman 21:00 3+2 \u00e9l\u0151 koncert 22:45 Dj.N\u00e1ksi Szombat 10:00 Fony\u00f3di Bety\u00e1rok N\u00e9pt\u00e1nc Egyes\u00fclet 11:00 The FreakEnd\u00a0 13:30 ABBA SHOW 14:30 Cs\u00f3ka Szabi Band\u00e1ja 15:45 V\u00e9gv\u00e1ri \u00c1d\u00e1m 16:30 Dj.Dominique Fergeteg Party 18:00 [&hellip;]<\/p>\n","protected":false},"author":1,"featured_media":0,"parent":0,"menu_order":0,"comment_status":"closed","ping_status":"closed","template":"","meta":{"jetpack_post_was_ever_published":false,"footnotes":""},"class_list":["post-581","page","type-page","status-publish","hentry"],"aioseo_notices":[],"jetpack_sharing_enabled":true,"jetpack_shortlink":"https:\/\/wp.me\/P6WGfp-9n","_links":{"self":[{"href":"http:\/\/kolbaszfesztival.info\/fonyod\/wp-json\/wp\/v2\/pages\/581","targetHints":{"allow":["GET"]}}],"collection":[{"href":"http:\/\/kolbaszfesztival.info\/fonyod\/wp-json\/wp\/v2\/pages"}],"about":[{"href":"http:\/\/kolbaszfesztival.info\/fonyod\/wp-json\/wp\/v2\/types\/page"}],"author":[{"embeddable":true,"href":"http:\/\/kolbaszfesztival.info\/fonyod\/wp-json\/wp\/v2\/users\/1"}],"replies":[{"embeddable":true,"href":"http:\/\/kolbaszfesztival.info\/fonyod\/wp-json\/wp\/v2\/comments?post=581"}],"version-history":[{"count":6,"href":"http:\/\/kolbaszfesztival.info\/fonyod\/wp-json\/wp\/v2\/pages\/581\/revisions"}],"predecessor-version":[{"id":612,"href":"http:\/\/kolbaszfesztival.info\/fonyod\/wp-json\/wp\/v2\/pages\/581\/revisions\/612"}],"wp:attachment":[{"href":"http:\/\/kolbaszfesztival.info\/fonyod\/wp-json\/wp\/v2\/media?parent=581"}],"curies":[{"name":"wp","href":"https:\/\/api.w.org\/{rel}","templated":true}]}}

<pre class="wp-block-preformatted"></pre>


<h2 class="wp-block-heading has-text-align-center"><strong>Nagyszínpad ( sportcsarnok )</strong></h2>
<pre class="wp-block-preformatted"> </pre>
<div class="wp-block-media-text is-stacked-on-mobile">
<figure class="wp-block-media-text__media"></figure>
<div class="wp-block-media-text__content"> </div>
</div>
<p class="has-text-align-center"><strong>Péntek</strong></p>
<p style="text-align: center;"><span style="font-weight: 400;">16:00 Demjén Tribute – Pál Zoli</span></p>
<p style="text-align: center;"><span style="font-weight: 400;">17:30 Republic élő nagykoncert</span></p>
<p style="text-align: center;"><span style="font-weight: 400;">19:30 Jótékonysági kolbásztöltés</span></p>
<p style="text-align: center;"><span style="font-weight: 400;">20:45 Warm up: Dj. Forkman</span></p>
<p style="text-align: center;"><span style="font-weight: 400;">21:00 3+2 élő koncert</span></p>
<p style="text-align: center;"><span style="font-weight: 400;">22:45 Dj.Náksi</span></p>
<p class="has-text-align-center"><strong>Szombat</strong></p>
<p style="text-align: center;"><span style="font-weight: 400;">10:00 Fonyódi Betyárok Néptánc Egyesület</span></p>
<p style="text-align: center;"><span style="font-weight: 400;">11:00 The FreakEnd </span></p>
<p style="text-align: center;"><span style="font-weight: 400;">13:30 ABBA SHOW</span></p>
<p style="text-align: center;"><span style="font-weight: 400;">14:30 Csóka Szabi Bandája</span></p>
<p style="text-align: center;"><span style="font-weight: 400;">15:45 Végvári Ádám</span></p>
<p style="text-align: center;"><span style="font-weight: 400;">16:30 Dj.Dominique Fergeteg Party</span></p>
<p style="text-align: center;"><span style="font-weight: 400;">18:00 Eredményhirdetés</span></p>
<p style="text-align: center;"><span style="font-weight: 400;">19:00 Kolbászok éjszakája (18+)</span></p>
<p style="text-align: center;"><span style="font-weight: 400;">          Kerozin</span></p>
<p style="text-align: center;"><span style="font-weight: 400;">          Cooky</span></p>
<p style="text-align: center;"><span style="font-weight: 400;">          Groovehouse</span></p>
<p style="text-align: center;"><span style="font-weight: 400;">          PeatJr feat. Sheela</span></p>
<p style="text-align: center;"><span style="font-weight: 400;">          Dj.TIB</span></p>
<p class="has-text-align-center" style="text-align: center;"><strong>Vasárnap</strong></p>
<p style="text-align: center;"><span style="font-weight: 400;">11:00 Balatoni és Somogy vármegyei települések Kolbásztöltő versenye, megnyitó</span></p>
<p style="text-align: center;"><span style="font-weight: 400;">11:30 Peter Sramek</span></p>
<p style="text-align: center;"><span style="font-weight: 400;">12:15-től bemutatkoznak a résztvevő települések programjaikkal</span></p>
<p style="text-align: center;"><span style="font-weight: 400;">14:00 Irigy Hónaljmirigy</span></p>
<p style="text-align: center;"><span style="font-weight: 400;">15:00 Kovács Kati életműkoncert</span></p>
<p style="text-align: center;"><span style="font-weight: 400;">16:30 Eredményhirdetés</span></p>
<h2 class="wp-block-heading has-text-align-center">Party Sátor</h2>
<p class="has-text-align-center"><strong>Péntek</strong></p>
<p style="text-align: center;"><span style="font-weight: 400;">15:30 Forte Brass Band</span></p>
<p style="text-align: center;"><span style="font-weight: 400;">17:00 Dj.Forkmann</span> <span style="font-weight: 400;"> </span></p>
<p style="text-align: center;"><span style="font-weight: 400;">18:00 Dj.Szatmári feat Szakos Andi</span></p>
<p style="text-align: center;"><span style="font-weight: 400;">19:30 Bódi Csabi</span></p>
<p style="text-align: center;"><span style="font-weight: 400;">20:30 Sausage party dj.TIB</span></p>
<p class="has-text-align-center"><strong>Szombat</strong></p>
<p style="text-align: center;"><span style="font-weight: 400;">10:00 Markó Krisztián</span></p>
<p style="text-align: center;"><span style="font-weight: 400;">11:00 Bodó Péter</span></p>
<p style="text-align: center;"><span style="font-weight: 400;">12:45 Madaras Zsolt </span></p>
<p style="text-align: center;"><span style="font-weight: 400;">14:00 Kale Lulugyi</span></p>
<p style="text-align: center;"><span style="font-weight: 400;">16:00 Rudán Joe akusztik</span></p>
<p style="text-align: center;"><span style="font-weight: 400;">18:30 Forte Brass Band</span></p>
<p style="text-align: center;"><span style="font-weight: 400;">20:00 Sausage party</span></p>
<p class="has-text-align-center"><strong>Vasárnap</strong></p>
<p style="text-align: center;"><span style="font-weight: 400;">11:00 Markó Krisztián</span></p>
<p style="text-align: center;"><span style="font-weight: 400;">12:00 Tschepen Tamás </span></p>
<p style="text-align: center;"><span style="font-weight: 400;">13:00 Kalapács József akusztikus </span></p>
<p style="text-align: center;"><span style="font-weight: 400;">14:00 Forte Brass Band</span></p>
<p><img data-recalc-dims="1" fetchpriority="high" decoding="async" class="aligncenter size-full wp-image-598" src="https://i0.wp.com/kolbaszfesztival.info/fonyod/wp-content/uploads/2026/01/FIGYELEM-1.png?resize=740%2C620" alt="" width="740" height="620" srcset="https://i0.wp.com/kolbaszfesztival.info/fonyod/wp-content/uploads/2026/01/FIGYELEM-1.png?w=940 940w, https://i0.wp.com/kolbaszfesztival.info/fonyod/wp-content/uploads/2026/01/FIGYELEM-1.png?resize=300%2C251 300w, https://i0.wp.com/kolbaszfesztival.info/fonyod/wp-content/uploads/2026/01/FIGYELEM-1.png?resize=768%2C644 768w" sizes="(max-width: 740px) 100vw, 740px" /></p>


<p></p>

<p>Nagyszínpad ( sportcsarnok )     Péntek 16:00 Demjén Tribute – Pál Zoli 17:30 Republic élő nagykoncert 19:30 Jótékonysági kolbásztöltés 20:45 Warm up: Dj. Forkman 21:00 3+2 élő koncert 22:45 Dj.Náksi Szombat 10:00 Fonyódi Betyárok Néptánc Egyesület 11:00 The FreakEnd  13:30 ABBA SHOW 14:30 Csóka Szabi Bandája 15:45 Végvári Ádám 16:30 Dj.Dominique Fergeteg Party 18:00 [&hellip;]</p>
