{"id":39,"date":"2015-11-13T11:06:52","date_gmt":"2015-11-13T11:06:52","guid":{"rendered":"http:\/\/kolbaszfesztival.info\/fonyod\/?page_id=39"},"modified":"2026-01-09T08:37:32","modified_gmt":"2026-01-09T08:37:32","slug":"kolbasztolto-verseny","status":"publish","type":"page","link":"http:\/\/kolbaszfesztival.info\/fonyod\/kolbasztolto-verseny\/","title":{"rendered":"Kolb\u00e1szt\u00f6lt\u0151 verseny"},"content":{"rendered":"\n<p class=\"has-text-align-center\">XVI. Fony\u00f3di Kolb\u00e1szt\u00f6lt\u0151 verseny 2026.02.07.<\/p>\n\n\n\n<p class=\"has-text-align-center has-accent-color has-text-color has-link-color wp-elements-1ae97d96099158da5bfc6b75176dcd98\"><strong>Jelentkezni a jelentkezes@kolbaszfesztival.info email c\u00edmen lehet<\/strong><\/p>\n\n\n\n<p>Versenyki\u00edr\u00e1s<\/p>\n\n\n\n<ol class=\"wp-block-list\">\n<li>Minden csapat maximum 5 f\u0151b\u0151l \u00e1llhat, a csapat, a versenyz\u0151k \u00e9s a csapatvezet\u0151 nev\u00e9t a<br>jelentkez\u00e9si lapra fel kell vezetni<\/li>\n\n\n\n<li>A jelentkez\u00e9s csak a 25.000Ft-os r\u00e9szv\u00e9teli d\u00edj befizet\u00e9se mellett \u00e9rv\u00e9nyes, jelentkez\u00e9si<br>hat\u00e1rid\u0151 febru\u00e1r 2. A befizet\u00e9shez k\u00e9rj\u00fck megadni a sz\u00e1ml\u00e1z\u00e1si adataikat.<\/li>\n\n\n\n<li>A nevez\u00e9si d\u00edj mag\u00e1ban foglal 5kg kolb\u00e1szh\u00fast \u00e9s a hozz\u00e1 sz\u00fcks\u00e9ges belet (ezt a<br>szervez\u0151k biztos\u00edtj\u00e1k), melyb\u0151l a t\u00f6lt\u00e9st k\u00f6vet\u0151en 1db kb. 20-25cm-es, megfelel\u0151en<br>d\u00edsz\u00edtett kolb\u00e1sz mint\u00e1t a zs\u0171rinek 14:00-ig le kell adni, a t\u00f6bbi h\u00fas a csapat tulajdon\u00e1t<br>k\u00e9pezi, de az a fesztiv\u00e1l helysz\u00edn\u00e9n t\u0171zv\u00e9delmi \u00e9s higi\u00e9niai szempontok miatt nem<br>s\u00fcthet\u0151 \u00e9s nem \u00e9rt\u00e9kes\u00edthet\u0151. A kolb\u00e1szt\u00f6lt\u00e9shez gumikeszty\u0171 haszn\u00e1lata k\u00f6telez\u0151.<\/li>\n\n\n\n<li>T\u00f6lt\u00e9shez kiz\u00e1r\u00f3lag a szervez\u0151k \u00e1ltal biztos\u00edtott alapanyagokat (h\u00fas, b\u00e9l) lehet<br>felhaszn\u00e1lni, egy\u00e9b h\u00fasf\u00e9l\u00e9ket hozz\u00e1adni a t\u00f6lt\u00e9shez szigor\u00faan tilos!<\/li>\n\n\n\n<li>A verseny kezdete 2026.02.07. 10:30, v\u00e9ge 15:00<\/li>\n\n\n\n<li>A 18:00 \u00f3rai eredm\u00e9nyhirdet\u00e9sen minden csapatnak a megjelen\u00e9se elv\u00e1rt<\/li>\n\n\n\n<li>A versenyen arany, ez\u00fcst \u00e9s bronz kateg\u00f3ri\u00e1ban 3-3-3 d\u00edj, tov\u00e1bb\u00e1 k\u00fcl\u00f6nd\u00edjak ker\u00fclnek<br>kioszt\u00e1sra a csapatok r\u00e9sz\u00e9re<\/li>\n\n\n\n<li>Az elb\u00edr\u00e1l\u00e1s sor\u00e1n figyelembe veszi a zs\u0171ri:<\/li>\n<\/ol>\n\n\n\n<ul class=\"wp-block-list\">\n<li>Csapatmunka, t\u00e1jjelleg, viselet, vend\u00e9gv\u00e1r\u00e1s 0-25 pont<\/li>\n\n\n\n<li>\u00c9tel elk\u00e9sz\u00edt\u00e9s\u00e9nek k\u00f6r\u00fclm\u00e9nyei 0-25 pont<\/li>\n\n\n\n<li>\u00c9tel \u00e1llaga, sz\u00edne, \u00edze 0-25 pont<\/li>\n\n\n\n<li>\u00d6sszbenyom\u00e1s a csapatr\u00f3l 0-25 pont<\/li>\n<\/ul>\n\n\n\n<p><strong>A versenyen politikai p\u00e1rtok, szervezetek nevez\u00e9se nem elfogadott, azok n\u00e9pszer\u0171s\u00edt\u00e9se (felirat,kit\u0171z\u0151, molino, stb\u2026), kamp\u00e1nytev\u00e9kenys\u00e9g (al\u00e1\u00edr\u00e1sgy\u0171jt\u00e9s, sz\u00f3r\u00f3laposzt\u00e1s, stb\u2026) semmilyenform\u00e1ban nem megengedett. A felsorolt felt\u00e9teleket mindenki elfogadja \u00e9s mag\u00e1ra n\u00e9zve k\u00f6telez\u0151 \u00e9rv\u00e9ny\u0171en betartja<\/strong><br>A rendez\u0151s\u00e9g fenntartja mag\u00e1nak a jogot a be\u00e9rkez\u0151 nevez\u00e9sek sz\u00e1m\u00e1nak f\u00fcggv\u00e9ny\u00e9ben, hogy a<br>jelentkez\u00e9seket a terem kapacit\u00e1s\u00e1ra val\u00f3 figyelemmel hat\u00e1rid\u0151 lej\u00e1rta el\u0151tt lez\u00e1rja<\/p>\n\n\n\n<p>Fony\u00f3d, 2026.01.08.<\/p>\n","protected":false},"excerpt":{"rendered":"<p>XVI. Fony\u00f3di Kolb\u00e1szt\u00f6lt\u0151 verseny 2026.02.07. Jelentkezni a jelentkezes@kolbaszfesztival.info email c\u00edmen lehet Versenyki\u00edr\u00e1s A versenyen politikai p\u00e1rtok, szervezetek nevez\u00e9se nem elfogadott, azok n\u00e9pszer\u0171s\u00edt\u00e9se (felirat,kit\u0171z\u0151, molino, stb\u2026), kamp\u00e1nytev\u00e9kenys\u00e9g (al\u00e1\u00edr\u00e1sgy\u0171jt\u00e9s, sz\u00f3r\u00f3laposzt\u00e1s, stb\u2026) semmilyenform\u00e1ban nem megengedett. A felsorolt felt\u00e9teleket mindenki elfogadja \u00e9s mag\u00e1ra n\u00e9zve k\u00f6telez\u0151 \u00e9rv\u00e9ny\u0171en betartjaA rendez\u0151s\u00e9g fenntartja mag\u00e1nak a jogot a be\u00e9rkez\u0151 nevez\u00e9sek sz\u00e1m\u00e1nak f\u00fcggv\u00e9ny\u00e9ben, hogy ajelentkez\u00e9seket [&hellip;]<\/p>\n","protected":false},"author":1,"featured_media":8,"parent":0,"menu_order":0,"comment_status":"closed","ping_status":"closed","template":"","meta":{"jetpack_post_was_ever_published":false,"footnotes":""},"class_list":["post-39","page","type-page","status-publish","has-post-thumbnail","hentry"],"aioseo_notices":[],"jetpack_sharing_enabled":true,"jetpack_shortlink":"https:\/\/wp.me\/P6WGfp-D","_links":{"self":[{"href":"http:\/\/kolbaszfesztival.info\/fonyod\/wp-json\/wp\/v2\/pages\/39","targetHints":{"allow":["GET"]}}],"collection":[{"href":"http:\/\/kolbaszfesztival.info\/fonyod\/wp-json\/wp\/v2\/pages"}],"about":[{"href":"http:\/\/kolbaszfesztival.info\/fonyod\/wp-json\/wp\/v2\/types\/page"}],"author":[{"embeddable":true,"href":"http:\/\/kolbaszfesztival.info\/fonyod\/wp-json\/wp\/v2\/users\/1"}],"replies":[{"embeddable":true,"href":"http:\/\/kolbaszfesztival.info\/fonyod\/wp-json\/wp\/v2\/comments?post=39"}],"version-history":[{"count":32,"href":"http:\/\/kolbaszfesztival.info\/fonyod\/wp-json\/wp\/v2\/pages\/39\/revisions"}],"predecessor-version":[{"id":606,"href":"http:\/\/kolbaszfesztival.info\/fonyod\/wp-json\/wp\/v2\/pages\/39\/revisions\/606"}],"wp:featuredmedia":[{"embeddable":true,"href":"http:\/\/kolbaszfesztival.info\/fonyod\/wp-json\/wp\/v2\/media\/8"}],"wp:attachment":[{"href":"http:\/\/kolbaszfesztival.info\/fonyod\/wp-json\/wp\/v2\/media?parent=39"}],"curies":[{"name":"wp","href":"https:\/\/api.w.org\/{rel}","templated":true}]}}

Kolbásztöltő verseny

<p class="has-text-align-center">XVI. Fonyódi Kolbásztöltő verseny 2026.02.07.</p>



<p class="has-text-align-center has-accent-color has-text-color has-link-color wp-elements-1ae97d96099158da5bfc6b75176dcd98"><strong>Jelentkezni a jelentkezes@kolbaszfesztival.info email címen lehet</strong></p>



<p>Versenykiírás</p>



<ol class="wp-block-list">
<li>Minden csapat maximum 5 főből állhat, a csapat, a versenyzők és a csapatvezető nevét a<br>jelentkezési lapra fel kell vezetni</li>



<li>A jelentkezés csak a 25.000Ft-os részvételi díj befizetése mellett érvényes, jelentkezési<br>határidő február 2. A befizetéshez kérjük megadni a számlázási adataikat.</li>



<li>A nevezési díj magában foglal 5kg kolbászhúst és a hozzá szükséges belet (ezt a<br>szervezők biztosítják), melyből a töltést követően 1db kb. 20-25cm-es, megfelelően<br>díszített kolbász mintát a zsűrinek 14:00-ig le kell adni, a többi hús a csapat tulajdonát<br>képezi, de az a fesztivál helyszínén tűzvédelmi és higiéniai szempontok miatt nem<br>süthető és nem értékesíthető. A kolbásztöltéshez gumikesztyű használata kötelező.</li>



<li>Töltéshez kizárólag a szervezők által biztosított alapanyagokat (hús, bél) lehet<br>felhasználni, egyéb húsféléket hozzáadni a töltéshez szigorúan tilos!</li>



<li>A verseny kezdete 2026.02.07. 10:30, vége 15:00</li>



<li>A 18:00 órai eredményhirdetésen minden csapatnak a megjelenése elvárt</li>



<li>A versenyen arany, ezüst és bronz kategóriában 3-3-3 díj, továbbá különdíjak kerülnek<br>kiosztásra a csapatok részére</li>



<li>Az elbírálás során figyelembe veszi a zsűri:</li>
</ol>



<ul class="wp-block-list">
<li>Csapatmunka, tájjelleg, viselet, vendégvárás 0-25 pont</li>



<li>Étel elkészítésének körülményei 0-25 pont</li>



<li>Étel állaga, színe, íze 0-25 pont</li>



<li>Összbenyomás a csapatról 0-25 pont</li>
</ul>



<p><strong>A versenyen politikai pártok, szervezetek nevezése nem elfogadott, azok népszerűsítése (felirat,kitűző, molino, stb…), kampánytevékenység (aláírásgyűjtés, szórólaposztás, stb…) semmilyenformában nem megengedett. A felsorolt feltételeket mindenki elfogadja és magára nézve kötelező érvényűen betartja</strong><br>A rendezőség fenntartja magának a jogot a beérkező nevezések számának függvényében, hogy a<br>jelentkezéseket a terem kapacitására való figyelemmel határidő lejárta előtt lezárja</p>



<p>Fonyód, 2026.01.08.</p>

<p>XVI. Fonyódi Kolbásztöltő verseny 2026.02.07. Jelentkezni a jelentkezes@kolbaszfesztival.info email címen lehet Versenykiírás A versenyen politikai pártok, szervezetek nevezése nem elfogadott, azok népszerűsítése (felirat,kitűző, molino, stb…), kampánytevékenység (aláírásgyűjtés, szórólaposztás, stb…) semmilyenformában nem megengedett. A felsorolt feltételeket mindenki elfogadja és magára nézve kötelező érvényűen betartjaA rendezőség fenntartja magának a jogot a beérkező nevezések számának függvényében, hogy ajelentkezéseket [&hellip;]</p>
