{"id":2,"date":"2015-10-06T17:33:19","date_gmt":"2015-10-06T17:33:19","guid":{"rendered":"http:\/\/kolbaszfesztival.info\/fonyod\/?page_id=2"},"modified":"2026-01-08T15:34:18","modified_gmt":"2026-01-08T15:34:18","slug":"sample-page","status":"publish","type":"page","link":"http:\/\/kolbaszfesztival.info\/fonyod\/","title":{"rendered":"2026. febru\u00e1r 6-7-8."},"content":{"rendered":"<p style=\"text-align: center;\"><img data-recalc-dims=\"1\" fetchpriority=\"high\" decoding=\"async\" class=\"aligncenter size-full wp-image-598\" src=\"https:\/\/i0.wp.com\/kolbaszfesztival.info\/fonyod\/wp-content\/uploads\/2026\/01\/FIGYELEM-1.png?resize=740%2C620\" alt=\"\" width=\"740\" height=\"620\" srcset=\"https:\/\/i0.wp.com\/kolbaszfesztival.info\/fonyod\/wp-content\/uploads\/2026\/01\/FIGYELEM-1.png?w=940 940w, https:\/\/i0.wp.com\/kolbaszfesztival.info\/fonyod\/wp-content\/uploads\/2026\/01\/FIGYELEM-1.png?resize=300%2C251 300w, https:\/\/i0.wp.com\/kolbaszfesztival.info\/fonyod\/wp-content\/uploads\/2026\/01\/FIGYELEM-1.png?resize=768%2C644 768w\" sizes=\"(max-width: 740px) 100vw, 740px\" \/><br \/>Szeretettel megh\u00edvjuk \u00f6nt \u00e9s kedves csal\u00e1dj\u00e1t, bar\u00e1tait az imm\u00e1r 16. alkalommal megrendez\u00e9sre ker\u00fcl\u0151 Fony\u00f3di Kolb\u00e1szfesztiv\u00e1lra. Az idei \u00e9vben is a t\u00e9li Balaton legnagyobb gasztron\u00f3miai esem\u00e9ny\u00e9n sz\u00f3rakozhatunk egy\u00fctt Fony\u00f3don 2026. febru\u00e1r 06-08. k\u00f6z\u00f6tt.<\/p>\n<p style=\"text-align: center;\">Helysz\u00edn: Z\u00e1k\u00e1nyi K\u00e1lm\u00e1n v\u00e1rosi sportcsarnok \u00e9s k\u00f6rny\u00e9ke<\/p>\n<p style=\"text-align: center;\">K\u00e9t sz\u00ednpaddal v\u00e1rjuk\u00a0 kedves l\u00e1togat\u00f3inkat!<\/p>\n<p style=\"text-align: center;\">Korl\u00e1tozott sz\u00e1mban v\u00e1rjuk csapatok, bar\u00e1ti t\u00e1rsas\u00e1gok, egyes\u00fcletek,jelentkez\u00e9s\u00e9t a m\u00e1r hagyom\u00e1nyoss\u00e1 v\u00e1lt szombati kolb\u00e1szt\u00f6lt\u00e9sre.<\/p>\n<p style=\"text-align: center;\">A fesztiv\u00e1lon helyet kapnak a legjobb magyar k\u00e9zm\u0171vesek port\u00e9k\u00e1i \u00e9s bemutat\u00f3i a termel\u0151i piacon. Sajtk\u00fcl\u00f6nlegess\u00e9gek, \u00a0mangalica term\u00e9kek, balatoni borok, b\u00e9k\u00e9scsabai h\u00e1zi sz\u00e1razkolb\u00e1szok \u00e9s szal\u00e1mik, k\u00fcl\u00f6nleges t\u00f6ltel\u00e9k\u00e1ruk, szalonn\u00e1k, sonk\u00e1k lesznek k\u00f3stolhat\u00f3ak \u00e9s v\u00e1s\u00e1rolhat\u00f3ak a helysz\u00ednen. R\u00e9tess\u00fct\u00e9s, erd\u00e9lyi k\u00fcrt\u00f6skal\u00e1cs, langall\u00f3, \u00e9dess\u00e9gek \u00e9s megannyi v\u00e1logatott gasztron\u00f3miai finoms\u00e1g v\u00e1rja az \u00e9rdekl\u0151d\u0151ket.<br \/>A fesztiv\u00e1llal kapcsolatos legfrissebb inform\u00e1ci\u00f3k\u00e9rt, szabad sz\u00e1ll\u00e1slehet\u0151s\u00e9gek\u00e9rt k\u00e9rj\u00fck, jel\u00f6lje Facebook oldalunkat is <a href=\"https:\/\/www.facebook.com\/kolbifesztival\" target=\"_blank\" rel=\"noopener\">https:\/\/www.facebook.com\/kolbifesztival<\/a><br \/>V\u00e1runk mindenkit sok szeretettel ak\u00e1r versenyz\u0151k\u00e9nt, ak\u00e1r csak n\u00e9zel\u0151d\u0151k\u00e9nt is.<br \/><strong>FONY\u00d3DI KOLB\u00c1SZFESZTIV\u00c1L<\/strong><\/p>\n<p style=\"text-align: center;\"><img data-recalc-dims=\"1\" decoding=\"async\" class=\"aligncenter size-large wp-image-179\" src=\"https:\/\/i0.wp.com\/kolbaszfesztival.info\/fonyod\/wp-content\/uploads\/2018\/11\/balatonievent.jpg?resize=740%2C387\" alt=\"\" width=\"740\" height=\"387\" srcset=\"https:\/\/i0.wp.com\/kolbaszfesztival.info\/fonyod\/wp-content\/uploads\/2018\/11\/balatonievent.jpg?resize=1024%2C536 1024w, https:\/\/i0.wp.com\/kolbaszfesztival.info\/fonyod\/wp-content\/uploads\/2018\/11\/balatonievent.jpg?resize=300%2C157 300w, https:\/\/i0.wp.com\/kolbaszfesztival.info\/fonyod\/wp-content\/uploads\/2018\/11\/balatonievent.jpg?resize=768%2C402 768w, https:\/\/i0.wp.com\/kolbaszfesztival.info\/fonyod\/wp-content\/uploads\/2018\/11\/balatonievent.jpg?resize=1440%2C753 1440w\" sizes=\"(max-width: 740px) 100vw, 740px\" \/><\/p>\n\n\n<p><\/p>\n","protected":false},"excerpt":{"rendered":"<p>Szeretettel megh\u00edvjuk \u00f6nt \u00e9s kedves csal\u00e1dj\u00e1t, bar\u00e1tait az imm\u00e1r 16. alkalommal megrendez\u00e9sre ker\u00fcl\u0151 Fony\u00f3di Kolb\u00e1szfesztiv\u00e1lra. Az idei \u00e9vben is a t\u00e9li Balaton legnagyobb gasztron\u00f3miai esem\u00e9ny\u00e9n sz\u00f3rakozhatunk egy\u00fctt Fony\u00f3don 2026. febru\u00e1r 06-08. k\u00f6z\u00f6tt. Helysz\u00edn: Z\u00e1k\u00e1nyi K\u00e1lm\u00e1n v\u00e1rosi sportcsarnok \u00e9s k\u00f6rny\u00e9ke K\u00e9t sz\u00ednpaddal v\u00e1rjuk\u00a0 kedves l\u00e1togat\u00f3inkat! Korl\u00e1tozott sz\u00e1mban v\u00e1rjuk csapatok, bar\u00e1ti t\u00e1rsas\u00e1gok, egyes\u00fcletek,jelentkez\u00e9s\u00e9t a m\u00e1r hagyom\u00e1nyoss\u00e1 v\u00e1lt [&hellip;]<\/p>\n","protected":false},"author":1,"featured_media":0,"parent":0,"menu_order":0,"comment_status":"closed","ping_status":"open","template":"","meta":{"jetpack_post_was_ever_published":false,"footnotes":""},"class_list":["post-2","page","type-page","status-publish","hentry"],"aioseo_notices":[],"jetpack_sharing_enabled":true,"jetpack_shortlink":"https:\/\/wp.me\/P6WGfp-2","_links":{"self":[{"href":"http:\/\/kolbaszfesztival.info\/fonyod\/wp-json\/wp\/v2\/pages\/2","targetHints":{"allow":["GET"]}}],"collection":[{"href":"http:\/\/kolbaszfesztival.info\/fonyod\/wp-json\/wp\/v2\/pages"}],"about":[{"href":"http:\/\/kolbaszfesztival.info\/fonyod\/wp-json\/wp\/v2\/types\/page"}],"author":[{"embeddable":true,"href":"http:\/\/kolbaszfesztival.info\/fonyod\/wp-json\/wp\/v2\/users\/1"}],"replies":[{"embeddable":true,"href":"http:\/\/kolbaszfesztival.info\/fonyod\/wp-json\/wp\/v2\/comments?post=2"}],"version-history":[{"count":37,"href":"http:\/\/kolbaszfesztival.info\/fonyod\/wp-json\/wp\/v2\/pages\/2\/revisions"}],"predecessor-version":[{"id":602,"href":"http:\/\/kolbaszfesztival.info\/fonyod\/wp-json\/wp\/v2\/pages\/2\/revisions\/602"}],"wp:attachment":[{"href":"http:\/\/kolbaszfesztival.info\/fonyod\/wp-json\/wp\/v2\/media?parent=2"}],"curies":[{"name":"wp","href":"https:\/\/api.w.org\/{rel}","templated":true}]}}

2026. február 6-7-8.

<p style="text-align: center;"><img data-recalc-dims="1" fetchpriority="high" decoding="async" class="aligncenter size-full wp-image-598" src="https://i0.wp.com/kolbaszfesztival.info/fonyod/wp-content/uploads/2026/01/FIGYELEM-1.png?resize=740%2C620" alt="" width="740" height="620" srcset="https://i0.wp.com/kolbaszfesztival.info/fonyod/wp-content/uploads/2026/01/FIGYELEM-1.png?w=940 940w, https://i0.wp.com/kolbaszfesztival.info/fonyod/wp-content/uploads/2026/01/FIGYELEM-1.png?resize=300%2C251 300w, https://i0.wp.com/kolbaszfesztival.info/fonyod/wp-content/uploads/2026/01/FIGYELEM-1.png?resize=768%2C644 768w" sizes="(max-width: 740px) 100vw, 740px" /><br />Szeretettel meghívjuk önt és kedves családját, barátait az immár 16. alkalommal megrendezésre kerülő Fonyódi Kolbászfesztiválra. Az idei évben is a téli Balaton legnagyobb gasztronómiai eseményén szórakozhatunk együtt Fonyódon 2026. február 06-08. között.</p>
<p style="text-align: center;">Helyszín: Zákányi Kálmán városi sportcsarnok és környéke</p>
<p style="text-align: center;">Két színpaddal várjuk  kedves látogatóinkat!</p>
<p style="text-align: center;">Korlátozott számban várjuk csapatok, baráti társaságok, egyesületek,jelentkezését a már hagyományossá vált szombati kolbásztöltésre.</p>
<p style="text-align: center;">A fesztiválon helyet kapnak a legjobb magyar kézművesek portékái és bemutatói a termelői piacon. Sajtkülönlegességek,  mangalica termékek, balatoni borok, békéscsabai házi szárazkolbászok és szalámik, különleges töltelékáruk, szalonnák, sonkák lesznek kóstolhatóak és vásárolhatóak a helyszínen. Rétessütés, erdélyi kürtöskalács, langalló, édességek és megannyi válogatott gasztronómiai finomság várja az érdeklődőket.<br />A fesztivállal kapcsolatos legfrissebb információkért, szabad szálláslehetőségekért kérjük, jelölje Facebook oldalunkat is <a href="https://www.facebook.com/kolbifesztival" target="_blank" rel="noopener">https://www.facebook.com/kolbifesztival</a><br />Várunk mindenkit sok szeretettel akár versenyzőként, akár csak nézelődőként is.<br /><strong>FONYÓDI KOLBÁSZFESZTIVÁL</strong></p>
<p style="text-align: center;"><img data-recalc-dims="1" decoding="async" class="aligncenter size-large wp-image-179" src="https://i0.wp.com/kolbaszfesztival.info/fonyod/wp-content/uploads/2018/11/balatonievent.jpg?resize=740%2C387" alt="" width="740" height="387" srcset="https://i0.wp.com/kolbaszfesztival.info/fonyod/wp-content/uploads/2018/11/balatonievent.jpg?resize=1024%2C536 1024w, https://i0.wp.com/kolbaszfesztival.info/fonyod/wp-content/uploads/2018/11/balatonievent.jpg?resize=300%2C157 300w, https://i0.wp.com/kolbaszfesztival.info/fonyod/wp-content/uploads/2018/11/balatonievent.jpg?resize=768%2C402 768w, https://i0.wp.com/kolbaszfesztival.info/fonyod/wp-content/uploads/2018/11/balatonievent.jpg?resize=1440%2C753 1440w" sizes="(max-width: 740px) 100vw, 740px" /></p>


<p></p>

<p>Szeretettel meghívjuk önt és kedves családját, barátait az immár 16. alkalommal megrendezésre kerülő Fonyódi Kolbászfesztiválra. Az idei évben is a téli Balaton legnagyobb gasztronómiai eseményén szórakozhatunk együtt Fonyódon 2026. február 06-08. között. Helyszín: Zákányi Kálmán városi sportcsarnok és környéke Két színpaddal várjuk  kedves látogatóinkat! Korlátozott számban várjuk csapatok, baráti társaságok, egyesületek,jelentkezését a már hagyományossá vált [&hellip;]</p>
